173. Let z = g - -64. What is the tens digit of z?
9
Let q be (-1)/(-2)*(-3)/(3/(-7366)). Suppose 0 = -13*t - q + 14746. What is the tens digit of t?
5
Let j(h) = -12*h - 3. Let m = -27 + 33. Let z(x) = x - 1. Let d(y) = m*z(y) + j(y). What is the tens digit of d(-12)?
6
Let m = -18383 - -30711. What is the hundreds digit of m?
3
Let n(c) be the second derivative of 0 - 35*c + 14/3*c**3 - 4*c**2. What is the tens digit of n(6)?
6
Let v be 0 + 4 + (-7 - -3). Suppose 0 = -v*j - 5*j + 855. Suppose 2*s = 2*k - s - j, 2*k - 174 = 2*s. What is the tens digit of k?
9
Suppose -3*o + o + 21 = 5*c, -3*o = 6. Suppose 0 = c*w - 28*q + 33*q - 455, 4*w - 367 = -q. What is the units digit of w?
2
Suppose 57*q - 2310857 = -40*q + 249167. What is the hundreds digit of q?
3
Let a = -13 - -15. Suppose 5*v - 5*m = -30, 8 = -5*v + a*v + m. What is the units digit of -1 - (81*-1 - v)?
9
Suppose 1787 + 1951 = 6*o. Let v = o - 272. What is the units digit of v?
1
Let a = -7101 - -24797. What is the ten thousands digit of a?
1
Let r = -49 - -55. What is the tens digit of -43*((r - 13) + 1)?
5
Suppose -93*u - 36 = -96*u. Suppose -u*q = -33*q + 7581. What is the units digit of q?
1
Let z(u) = -u**2 + u. Let l be z(1). Let i = l + -51. Let o = -35 - i. What is the tens digit of o?
1
Let j be -36*32/(-84) - 4/(-14). Suppose -112 = -5*f + s, -3*f + 52 = -s - j. Let a(n) = n**3 - 23*n**2 + 4*n - 21. What is the tens digit of a(f)?
7
Suppose 3*c - 2*w - 105246 = 0, -35093 = -c - 103*w + 100*w. What is the hundreds digit of c?
0
Let a = -4073 + 9586. What is the units digit of a?
3
Suppose -2*t + 5*m = -632, -t + m + 313 = -0*t. Let o = 171 - t. Let c = 194 + o. What is the units digit of c?
4
What is the ten thousands digit of ((-1155)/6)/7*33558/(-35)?
2
Let a = 18681 - -3539. What is the thousands digit of a?
2
Let z = -3118 + 13922. What is the ten thousands digit of z?
1
Suppose 40*i = 34*i + 1344. Let o = 527 - i. What is the tens digit of o?
0
Suppose 25 + 3 = 4*d + 2*n, -5*d + 3*n = -13. Suppose 4*t - 2*y = -t + 47, 0 = -5*t - d*y + 40. Suppose t*v - 635 = 4*v. What is the tens digit of v?
2
Let p = -21807 - -31694. What is the thousands digit of p?
9
Let g = -30 - -30. Suppose 3*c + 9 + 3 = g, -631 = -5*a - c. What is the units digit of a?
7
Suppose 4*z = -3*v + 26919, 5*v = -19*z + 17*z + 13477. What is the hundreds digit of z?
7
Suppose 9*c = 2*c + 84. Let m(a) = -9 + c*a**2 - 4*a**2 - 2*a - 7*a. What is the tens digit of m(-5)?
3
Let z(f) = 8849*f**3 - f**2 - 289*f + 577. What is the ten thousands digit of z(2)?
7
Let t be 5 + 2 + (-2 - 1). Suppose 80 - 368 = -t*m. Suppose 0 = -2*i - w - 3*w + m, -i - 3*w = -32. What is the tens digit of i?
4
Suppose 0 = 1138*i - 1162*i + 250368. What is the units digit of i?
2
What is the units digit of (30/(-6) - 2)*(-23)/((-161)/(-17270))?
0
Let d(o) be the second derivative of -o**4/12 - o**3/3 + 77*o**2/2 - 3*o. Let i be d(0). Suppose -p = a - 11, 5*a + i = 5*p + 12. What is the units digit of p?
2
Let s = -53173 - -112171. What is the tens digit of s?
9
Suppose -2*z + 465 = 3*z. Suppose 0 = 5*t, m + 11*t - 7*t = 194. Let c = m - z. What is the tens digit of c?
0
Let p be (-55)/(-25) - 2 - (-44)/5. Let i be -4 - (p + -1)/((-8)/(-4)). What is the units digit of (-6)/8 + (-1062)/i?
2
Let d(x) = 3*x**3 - 84*x**2 + 59*x + 182. What is the units digit of d(28)?
4
Let f = -48 + 50. Suppose 3*j - 332 = 3*p - 4*p, -f*j + p + 213 = 0. Let q = j + -59. What is the tens digit of q?
5
Let r(u) = u + 103*u**2 + 97*u**2 + 876*u**3 - 202*u**2. What is the tens digit of r(1)?
7
Suppose 86*a - 1347456 = 38*a. What is the tens digit of a?
7
Let n = 262 - 258. Suppose -n*g + 3237 = -j, 0 = -4*g - j + 1059 + 2184. What is the units digit of g?
0
Let b = 1457 + 21913. What is the thousands digit of b?
3
Let h = 24136 - 12628. What is the units digit of h?
8
Let z = -60 + 171. Let a = -39 + z. Suppose -o = -0*d - 2*d + a, 5*o - 14 = -d. What is the tens digit of d?
3
Let v(a) = -a**3 + 9*a**2 - 13*a - 5. Let i be v(7). Suppose i*t = -58 + 196. Suppose -2*b = -463 + t. What is the units digit of b?
7
Suppose 0 = -5*k - y - 20, 4*k + 11 = -3*y - 5. Let b be k + (-4 - (8 + -4)). Let c(i) = i**3 + 11*i**2 - 14*i + 15. What is the units digit of c(b)?
9
Let x(f) = -2*f**3 - 2*f**2 + 3*f + 3. Let r be x(-2). Suppose r*u + 141 = 731. What is the tens digit of u?
1
What is the units digit of (8 - (4285/10 - 5))/((-2)/220)?
5
Let u(a) be the second derivative of a**5/20 - a**4/3 - a**3/3 + 11*a**2/2 - 22*a + 2. What is the tens digit of u(6)?
7
Let a(z) = z + 9*z**2 - 6*z + 8 + 1. Let h be a(5). Suppose -4*q = 2*r - 6*r + 160, -5*r = -2*q - h. What is the tens digit of r?
4
Suppose 5*v + 44 = 64. Let d(t) = 7*t**2 - 22 + 9 + 10*t - t**2 + 6. What is the units digit of d(v)?
9
Suppose -2*v + 33558 = -2*s, -155*s = -4*v - 156*s + 67081. What is the units digit of v?
2
Let m(o) = 11*o + 66. Let j be m(-6). Suppose j = -29*p + 32*p - 2196. What is the hundreds digit of p?
7
Let h = -4690 + 10162. What is the thousands digit of h?
5
Suppose -13 = -7*c + 36. Suppose -12*m + c*m + 175 = 0. Suppose d - 239 + m = -p, 2*d = p - 201. What is the units digit of p?
3
Let m(x) = -x**3 + 8*x**2 + 48*x. Let d be m(12). Suppose 23*h - 25*h + 1632 = d. What is the hundreds digit of h?
8
Suppose 4*x - 2 = -0*w - 3*w, -5*x - 14 = w. Let c be ((-6)/(-4))/(1610/268 - w). Suppose -39 = 2*z - c. What is the units digit of z?
1
What is the thousands digit of 127677/3498*((-868)/(-6) + (-2)/3)?
5
Let l be 3384/(-16)*(1 - -1)/(-1). Let x = 784 - l. What is the units digit of x?
1
Let n(k) = 3*k**2 + 3*k. Let y be n(-2). Suppose -y*p + 1555 = -11*p. Let a = 442 + p. What is the tens digit of a?
3
Let w(t) = t**3 - 18*t**2 - 11*t - 37. Let q = 92 + -92. Suppose -3*n + 6 = q, 4*n + 49 = 2*i + i. What is the tens digit of w(i)?
1
Let q(v) = -44*v - 121. Suppose 0 = -18*d + 7*d - 66. What is the units digit of q(d)?
3
Suppose 4*b = -0*b - 2*n + 422, 5*n + 415 = 4*b. Suppose b = 12*l - 7*l. Let k = l + 4. What is the tens digit of k?
2
Let d(w) = 2*w**2 - w + 3194. Let q be d(0). What is the units digit of q/7 - ((-24)/14)/(-6)?
6
Suppose 0 = i - 5, -c - 45*i + 2878 = -47*i. What is the tens digit of c?
8
Suppose 3*f = o - 6242, 3*o + 4*f - 19315 = -693. What is the units digit of o?
8
What is the thousands digit of (2/3*-1 + -42)/(1370/(-1833060))?
7
Suppose -730*c = -729*c - 3*b - 1133, 0 = -2*c + 4*b + 2262. What is the units digit of c?
7
Let n(u) = u**3 - 16*u**2 + 30*u + 12. Let c be n(14). Suppose 235 = 5*f + 5*h, -50 = -f + h - 3*h. Let r = f + c. What is the tens digit of r?
8
Suppose 6*o - 16*o + 30 = 0. Let c(s) = -s**2 - 2*s + 20. Let m be c(-5). Suppose o*b = 3*l - 288, m*l - 234 = 3*b + 240. What is the tens digit of l?
9
Let x(g) = -36 + 6*g - 47 - 3*g**2 + 4*g**2 + 89. What is the tens digit of x(-7)?
1
Suppose -28 + 33 = t. Suppose -4*z + 60 = 3*i, -t*i + 43*z + 83 = 44*z. What is the tens digit of i?
1
Let s(m) = 3*m**2 + 67*m - 32. Let j be s(-23). Suppose -j*w + 29*w - 25155 = 0. What is the tens digit of w?
7
Suppose 25*p + 99*p = 384400. What is the thousands digit of p?
3
Suppose -2*y = -5*r + 5, -4 = -y - 4*r + 13. Suppose 0 = -y*d + 5*v + 5530, -377 = 3*d + 4*v - 3674. What is the hundreds digit of d?
1
Let s(g) = -g - 14. Let d = 34 + -51. Let i be s(d). Suppose -i*n = -8*n + 240. What is the units digit of n?
8
Let n be (-7)/((-56)/5128)*2. Suppose 0 = -3*q + 3*y + 954, y - n = -0*q - 4*q. What is the tens digit of q?
2
Let h be -8 + 3/4*16. Suppose -5*j + 272 = -h*c - 533, 2*c = 10. What is the tens digit of j?
6
Suppose 3*r + v - 72228 = 0, 1258*r - 3*v - 72204 = 1255*r. What is the ten thousands digit of r?
2
Let d = 257 - 124. Let p = 348 - d. What is the hundreds digit of p?
2
Suppose 28*b = 25*b + 9. Suppose 0 = b*k + 2*n - 2180, k + 5*n + 121 = 826. What is the units digit of k?
0
Let v(h) = -h**3 - 4*h**2 - 2*h - 4. Let d(o) = -2*o - 46. Let t be d(-21). Let l be v(t). What is the tens digit of 146 + 2*(-6)/l?
4
Let f be 39/156 + (-1317)/(-12). Let n = 0 - 0. Suppose -462 = -4*k - 2*z, k + n*k - f = 5*z. What is the units digit of k?
5
Suppose 438909 = 989*b - 966*b. What is the tens digit of b?
8
Suppose 95 = -4*p - 0*n - 3*n, 81 = -3*p + n. Let b(